7 prime?
False
Is 2854165121 composite?
True
Is 2574531385 a prime number?
False
Is 2733024962 prime?
False
Is 8239207541 prime?
True
Is 3852913553 prime?
False
Is 60167027777 a prime number?
True
Is 13428602669 a prime number?
True
Is 2128812359 a prime number?
False
Is 6513316247 composite?
False
Is 158192527 composite?
False
Is 124590568549 composite?
False
Is 1908204091 a prime number?
False
Is 104934020507 prime?
True
Is 5215673977 composite?
False
Is 10547383313 a prime number?
False
Is 13085049557 prime?
True
Is 7065392357 a prime number?
True
Is 7780630679 a prime number?
True
Is 508678666 composite?
True
Is 32556703831 prime?
False
Is 11526821 a prime number?
False
Is 1235757071 prime?
True
Is 12435844507 a composite number?
False
Is 8257969789 composite?
False
Is 2313456527 prime?
False
Is 11396928065 a composite number?
True
Is 287163307 a composite number?
True
Is 913407421 a composite number?
True
Is 6250566391 a composite number?
False
Is 2304769447 a prime number?
False
Is 30489241 a composite number?
True
Is 1532023477 prime?
True
Is 11469477823 a prime number?
False
Is 1560512969 composite?
True
Is 481948543 prime?
False
Is 34231413937 prime?
False
Is 3046119337 composite?
False
Is 6412521163 a composite number?
True
Is 36130234483 composite?
True
Is 2083532603 a composite number?
True
Is 1831144901 a prime number?
False
Is 5136934087 a prime number?
True
Is 53191196111 prime?
True
Is 43350471701 a composite number?
False
Is 380884051 composite?
True
Is 3936395663 composite?
True
Is 13322412041 prime?
True
Is 2256727927 a composite number?
False
Is 1363541 a prime number?
True
Is 3290438197 a prime number?
True
Is 5469523637 prime?
True
Is 1015881329 a composite number?
False
Is 6453025697 a prime number?
True
Is 11979314201 a composite number?
False
Is 2426674183 composite?
True
Is 1080163847 a prime number?
False
Is 4270586491 composite?
False
Is 369789659 a prime number?
True
Is 35094517379 composite?
True
Is 8902146551 composite?
True
Is 20415956479 composite?
False
Is 4967958559 a prime number?
False
Is 21499584131 prime?
True
Is 35802457 prime?
False
Is 338805491 prime?
True
Is 82342864859 a composite number?
False
Is 7971389813 prime?
False
Is 3630099089 prime?
False
Is 2006497369 a composite number?
True
Is 9275174707 a composite number?
False
Is 425029718 a composite number?
True
Is 4469311147 a prime number?
False
Is 660730801 a prime number?
False
Is 67356337241 prime?
True
Is 2249377601 composite?
True
Is 21141993841 a prime number?
False
Is 2755880239 prime?
False
Is 12203673719 prime?
False
Is 201384101 a prime number?
True
Is 7555844953 prime?
False
Is 1416260611 prime?
False
Is 3021535163 prime?
True
Is 34433868935 a prime number?
False
Is 1457175919 a prime number?
False
Is 52437276007 composite?
True
Is 155975251 composite?
True
Is 2790009509 a composite number?
True
Is 1932836161 a prime number?
False
Is 14564506477 a prime number?
False
Is 57482471 composite?
True
Is 41016202681 a prime number?
False
Is 715993757 composite?
False
Is 1746850271 a composite number?
False
Is 2844791449 a prime number?
False
Is 149798119 a composite number?
True
Is 72296536373 composite?
False
Is 8538645757 a composite number?
False
Is 740893493 a prime number?
False
Is 3360671429 prime?
False
Is 11276673349 a composite number?
False
Is 639591619 a prime number?
True
Is 9635335657 a composite number?
False
Is 3500099401 a prime number?
True
Is 51868066459 a composite number?
True
Is 6100168171 composite?
False
Is 71058235439 a prime number?
False
Is 28524809 composite?
True
Is 17461999169 a composite number?
False
Is 790116917 a composite number?
True
Is 4730549246 a prime number?
False
Is 1325945301 prime?
False
Is 12401085841 composite?
True
Is 7402428703 a composite number?
False
Is 3383401273 composite?
True
Is 113357229 composite?
True
Is 209806837 prime?
False
Is 24113857 a prime number?
True
Is 47692549 prime?
False
Is 130818773 prime?
False
Is 69701362585 a prime number?
False
Is 583829023 a composite number?
False
Is 7397871751 composite?
False
Is 25730195893 a prime number?
True
Is 82798897 a composite number?
False
Is 966899929 a composite number?
False
Is 1796294909 a prime number?
True
Is 401489107 prime?
True
Is 1072644379 composite?
False
Is 1469051629 composite?
False
Is 49075994887 composite?
False
Is 2670690499 prime?
True
Is 57110549 composite?
False
Is 2202183851 composite?
True
Is 314725891 a prime number?
True
Is 1961570399 composite?
False
Is 266393593 a prime number?
True
Is 559963889 a prime number?
True
Is 192864053 a prime number?
True
Is 82060762697 prime?
False
Is 659464367 a composite number?
True
Is 127682846957 a prime number?
False
Is 1055996009 composite?
True
Is 228868541 a prime number?
False
Is 3625872721 a prime number?
True
Is 3468385399 a prime number?
False
Is 326439671 a composite number?
False
Is 133765730933 composite?
False
Is 732563434 a prime number?
False
Is 10495022402 a prime number?
False
Is 17308975181 prime?
True
Is 1531142959 a prime number?
False
Is 172444711 prime?
False
Is 49693959661 a composite number?
False
Is 8900333863 a prime number?
False
Is 4555659379 composite?
False
Is 94219247 a composite number?
True
Is 2029780717 a composite number?
True
Is 2347409183 prime?
False
Is 12631892501 a prime number?
True
Is 7537579703 a prime number?
True
Is 5408280587 prime?
False
Is 524521247 a prime number?
False
Is 831185953 prime?
False
Is 30204576505 a prime number?
False
Is 3023448269 a composite number?
False
Is 285511523 prime?
False
Is 9030121753 a composite number?
False
Is 637946587 a prime number?
True
Is 8827795901 a composite number?
False
Is 26733910639 prime?
True
Is 1208066351 composite?
True
Is 120483851 a prime number?
False
Is 7202082841 a prime number?
True
Is 559679633 a composite number?
True
Is 827445569 prime?
True
Is 61887311 prime?
False
Is 1213761419 composite?
True
Is 1183503277 a prime number?
False
Is 32811176051 prime?
True
Is 77805439 composite?
True
Is 162815699 a composite number?
False
Is 33972052007 prime?
True
Is 82111550305 a prime number?
False
Is 87241097143 a composite number?
False
Is 137563237327 a prime number?
False
Is 173500674599 composite?
True
Is 833494771 prime?
False
Is 91688401933 prime?
True
Is 520972027 prime?
False
Is 28412507777 a prime number?
False
Is 274478977 composite?
False
Is 4775467891 a prime number?
True
Is 23076893603 composite?
True
Is 48621790586 a composite number?
True
Is 785727409 a prime number?
False
Is 2272512733 composite?
False
Is 41764988303 a prime number?
False
Is 4090861699 prime?
True
Is 34067961887 a prime number?
True
Is 10781497339 prime?
True
Is 6573557693 a composite number?
True
Is 664313393 a composite number?
True
Is 1337991819 a composite number?
True
Is 69855201389 a composite number?
False
Is 4226405843 a composite number?
True
Is 338336237 composite?
True
Is 18085503299 a composite number?
False
Is 1004256541 a prime number?
False
Is 1643499989 prime?
True
Is 3974066683 prime?
True
Is 9706386401 prime?
False
Is 1423626301 a composite number?
False
Is 2041294889 prime?
False
Is 3255692621 a composite number?
True
Is 7274936887 a composite number?
True
Is 131689463 a composite number?
True
Is 793007673 a prime number?
False
Is 372200597 a prime number?
True
Is 1248391465 prime?
False
Is 96839243951 a composite number?
False
Is 3087998961 composite?
True
Is 1637012389 prime?
False
Is 1860617063 a prime number?
False
Is 27735115213 prime?
False
Is 5848284023 prime?
True
Is 11579842003 composite?
True
Is 3265321251 a prime number?
False
Is 14606926517 prime?
False
Is 806181385 a prime number?
False
Is 989700178 composite?
True
Is 13509029015 prime?
False
Is 49186259167 a prime number?
False
Is 265106363 composite?
True
Is 2216782697 prime?
False
Is 52994711887 a composite number?
True
Is 36252107763 a composite number?
True
Is 503906636377 a composite number?
False
Is 11671597787 prime?
True
Is 6990690073 prime?
False
Is 95375537 a composite number?
True
Is 556265383 prime?
False
Is 4323137671 prime?
False
Is 408161659 composite?
False
Is 342043627 a prime number?
True
Is 442328693 composite?
False
Is 1112912817 composite?
True
Is 8318963777 prime?
True
Is 26364012937 a composite number